k - 38. Let w = f + 7. List the prime factors of w.
2, 3
Let c(z) = z**3 - 5*z**2 - 2*z - 20. Let b be c(6). Suppose 2*i - 2*u = 3*i - 147, 0 = b*i + u - 595. What are the prime factors of i?
149
Let c = 10 + -9. Let y(a) = 19*a**2 + 2*a - 2. Let f(h) = -37*h**2 - 5*h + 5. Let z(w) = 2*f(w) + 5*y(w). What are the prime factors of z(c)?
3, 7
Suppose 3*q - t - 180 + 46 = 0, 152 = 4*q + 4*t. What are the prime factors of (2/(12/(-10)))/(q/(-6321))?
5, 7
Suppose -g = 2*z - 61 - 82, 3*z = 3*g + 192. Suppose 0 = -3*u - c + z, 3*c - 33 = -2*u - 2*c. List the prime factors of u.
2, 3
Suppose 4*t - 498 = -4*q + 18, -3*t = 12. Suppose 5*i + q = 5*o + 53, -4*i = o + 9. List the prime factors of o.
11
Suppose -8*f + 0*f = -4224. List the prime factors of f.
2, 3, 11
Let w be (-14)/(-3) + (-6)/9. Let m be w/(-10) + (-535)/(-25). Suppose -m = -4*t + 59. What are the prime factors of t?
2, 5
Let s be (-8)/(-12) + 2/(-3). Suppose -k - k + 16 = s. Let h(u) = u - 3. What are the prime factors of h(k)?
5
Let m(j) = j**3 - j**2 + 6*j - 9. Suppose 3*n + 9 = 5*f - 16, 0 = 4*n. List the prime factors of m(f).
11
Suppose -39 = -2*q + a - 189, -4*q + 4*a - 308 = 0. Let v = 118 + q. What are the prime factors of v?
3, 5
Let g be -1 + 273/18 + 1/(-6). Suppose -11*m - 366 = -g*m. What are the prime factors of m?
2, 61
Let u = -24 - -20. Let k be (u/(-2))/(-5 + 7). List the prime factors of k*64 - 51/17.
61
Let u(a) = -a**3 + 11*a**2 + 8*a - 5. List the prime factors of u(9).
229
Suppose s - f = -0*f + 1357, 3*f - 6825 = -5*s. What are the prime factors of s?
2, 3, 227
Let c be (-33)/33*218/4*-2. Suppose 0 = -2*d + 67 + c. What are the prime factors of d?
2, 11
Let m = 3071 - 1773. List the prime factors of m.
2, 11, 59
Let x = 172 + 63. List the prime factors of x.
5, 47
Let b = -336 + 362. List the prime factors of b.
2, 13
Suppose -y - 15 - 71 = 5*w, -5*y - 358 = w. Let m = 31 - y. List the prime factors of m.
2, 3, 17
Suppose 12 = 3*o + 3. Suppose 3*d + 6 = 0, -2*n = -0*n + o*d. Suppose -n*i - 4 = -115. List the prime factors of i.
37
Let k(p) = -10*p - 67. Suppose 15 + 14 = -l. What are the prime factors of k(l)?
223
Suppose -l - 2*v = l - 164, -3*v + 82 = l. Let x = l + -57. What are the prime factors of x?
5
Suppose 23*z = 24*z - 1, 5*z - 13613 = -4*o. List the prime factors of o.
2, 3, 7
Let r = -78 + 71. Let b(m) = -m**3 + 5*m**2 - m - 18. Let g(k) = -k**3 - k**2 - 1. Let q(n) = -b(n) + 2*g(n). List the prime factors of q(r).
3
Suppose 0 = -23*p - 10073 + 49196. List the prime factors of p.
3, 7
Let f(p) = p**2 + 11*p + 12. Let s be f(-10). Let y be ((-102)/(-4))/(s/4). Suppose -n - 132 = -4*o - 5*n, 3*n = 2*o - y. List the prime factors of o.
2, 3, 5
Let j(x) = -x**3 - 2*x**2 + 4*x - 5. Let q be j(2). Let f(o) = o**2 + 10*o + 4. What are the prime factors of f(q)?
43
Let i(l) = l**3 + l**2 + l + 16. Let g be i(0). Suppose -4*p + 7*p - 108 = 0. Let y = p - g. What are the prime factors of y?
2, 5
Suppose 22*h = 25*h - 195. List the prime factors of -9*-8*h/30.
2, 3, 13
Let y be 4 - ((2 - -3) + -1). Suppose 220 = -y*k + 5*k. List the prime factors of k.
2, 11
Let v be 1*6 - (-8)/(-4). Suppose -v*o - 2*o + 936 = 0. What are the prime factors of o?
2, 3, 13
Suppose 5*k - n - 4753 = 0, 0 = 5*k - 3*n + 422 - 5181. What are the prime factors of k?
2, 5, 19
Let c(b) = b**2 - 7*b - 71. What are the prime factors of c(27)?
7, 67
Suppose 85470 = 21*b + 45*b. What are the prime factors of b?
5, 7, 37
Let v be ((-30)/(-9))/(2/15). Suppose -70 - v = -5*c. List the prime factors of c.
19
Suppose 15*d - 17*d = -2. What are the prime factors of (-310)/(-5)*d + 0?
2, 31
Let b(q) = 55*q - 30. Let t(h) = 2*h - 1. Let j(n) = -b(n) + 25*t(n). Let c be (-3 - -5)/((-1)/2). List the prime factors of j(c).
5
Suppose -14591 = -5*k - 2*w, 2*w - 1900 = -4*k + 9774. List the prime factors of k.
2917
Let b(s) be the third derivative of -s**6/120 - s**5/5 - s**4/24 - 5*s**3/6 - 5*s**2. Let c be b(-12). Suppose 9 = h - c. List the prime factors of h.
2
Suppose -11*g + 15 = -16*g, 2*m + 4*g = 754. What are the prime factors of m?
383
Let d be 4/(-34) + (-514)/(-34). What are the prime factors of (-282)/(-4) + d/30?
71
Let f(d) = 2*d**2 - 10*d + 7. Let j(u) = -u**2 + 10*u + 10. Let n be j(10). Let x be f(n). Let o = -76 + x. List the prime factors of o.
31
Let s(i) = i**3 - 3*i**2 + 3. Let g be s(3). Suppose 0 = -g*a - 6. Let z(k) = 3*k**2. What are the prime factors of z(a)?
2, 3
Let m(d) = 15 - 6*d + 13*d + 54. Let c(k) = -10*k - 104. Let s(i) = -5*c(i) - 7*m(i). List the prime factors of s(0).
37
Let r(u) = -596*u + 27. What are the prime factors of r(-1)?
7, 89
Suppose 3*c - 57 = -3*j, 3*j - c = 22 + 27. Let z(p) = -p**3 + 18*p**2 - 14*p - 3. What are the prime factors of z(j)?
2, 3
Let t = -838 + 1819. What are the prime factors of t?
3, 109
Let s be (1/(-3))/((-20)/120). Let j(n) = 35*n + 3. What are the prime factors of j(s)?
73
Suppose w + 18 + 14 = 0. Let h = 65 + w. List the prime factors of h.
3, 11
Let q(c) = -18*c**3 - c**2 - 6. What are the prime factors of q(-4)?
2, 5, 113
Let b = -519 + 845. List the prime factors of b.
2, 163
Suppose 2*p + 2 - 8 = 0. Suppose -p*s - 3 = 0, s - 2 = -x + 5. Let i = 32 - x. What are the prime factors of i?
2, 3
Let g be 2/((-25)/15 - -1). Let y be 406/g + 3/9. Let w = -70 - y. What are the prime factors of w?
5, 13
Let k = -744 + 1366. List the prime factors of k.
2, 311
Suppose 4*q = -4*a - a + 24, 19 = 5*a - q. Suppose a*z - 60 - 56 = 0. Let i = z - 13. What are the prime factors of i?
2
Suppose -2*c + 32 = 6*c. Suppose -4*p = 2*y + p - 16, y + c*p = 2. List the prime factors of y.
2, 3
Let w(f) = 6*f - 2 - 3*f - f**2 - 3*f**2 + 2*f**3. Let k be w(2). Suppose -k*i = -8 - 16. What are the prime factors of i?
2, 3
Let s = 38 + -27. Suppose 8*v + 3 = s*v. What are the prime factors of (6 - -49) + v*-1?
2, 3
Let v = -13 - -49. Suppose s = 5, -v = -i - 3*i - 4*s. Suppose 3*o - 136 = -i*b, -4*b - 171 = -4*o + b. List the prime factors of o.
2, 11
Suppose v + 14 = t - v, v = -3. Suppose 0 = -4*a + t, 74 = 4*j - a - 156. What are the prime factors of j?
2, 29
Let d be (0 - 8/12)/((-1)/(-126)). Let t = 146 + d. List the prime factors of t.
2, 31
Let i = -24 + 27. List the prime factors of (i/(-2))/(9/(-330)).
5, 11
Let m(w) = 4*w. Let d be m(1). Let z = 22 + d. What are the prime factors of z?
2, 13
Suppose 0 = -3*h + 226 + 284. What are the prime factors of h?
2, 5, 17
Let z be 3/12 - (-6)/(-24). Suppose -5*k + 3*h + 177 + 48 = 0, z = 3*h. What are the prime factors of k?
3, 5
Suppose 706 = 9*r - 2606. Suppose 5*k + 2*o = r, -2*k + 140 = -0*k - o. List the prime factors of k.
2, 3
Let v(z) = z - 7. Let w be v(5). Let p be ((-10)/w)/((-11)/(-451)). Suppose -5*n + 0*n = -p. List the prime factors of n.
41
Let x(u) = -3*u + 9. Let c(b) = -3*b + 2*b - 8 + 4*b. Let q(t) = -4*c(t) - 3*x(t). What are the prime factors of q(-16)?
53
Let u(v) = -v**3 - v**2 + 3*v + 3. Let g be u(-3). Let m be g*(0 + 28/(-12)). Let d = m - -36. What are the prime factors of d?
2
Suppose 2*p - 66 = 2*m, 2*m - 11 - 10 = -p. Let s = p + -22. List the prime factors of (-160)/(-7) + 1/s.
23
Suppose 30 = n + 22. What are the prime factors of ((-31)/(-4))/(1/n)?
2, 31
Let r be 5 + (1 - 2) + -6. What are the prime factors of 1 + r - (-6 + -19)?
2, 3
Suppose -3*t + 10 = 2*t - 5*k, 0 = 3*t - 5*k - 6. Suppose 0*h + t = -h. List the prime factors of -1 + h + 2 - -3.
2
Let q = -28 + 34. Suppose -q*t + 4*t = -154. What are the prime factors of t?
7, 11
Suppose 4*d = -3*r + 4*r + 489, -5*r - 615 = -5*d. Let y = d - 83. Let v = y - 24. List the prime factors of v.
3, 5
Let v(h) = 5*h**2 + 36*h - 94. What are the prime factors of v(-23)?
1723
Let w be -3 - (3 + 1 + -10). Let i be w/3 - (4 - 25). Let f = i - -5. List the prime factors of f.
3
Let r = -307 - -1420. What are the prime factors of r?
3, 7, 53
Let f = 21 - -10. Suppose 30*g + 89 = f*g. List the prime factors of g.
89
Let h be (2 - -6)*(-2)/(-4). Suppose -h*n + 12 + 60 = 0. What are the prime factors of n?
2, 3
Let d(h) = -h**3 + 12*h**2 + 11*h + 9. Let j be d(12). Suppose 0 = -3*o - j + 483. List the prime factors of o.
2, 3, 19
Suppose 0 = 2*v - 3*n + 64, 5*v = 3*n + 58 - 200. Let y be v/117 + (-58)/(-18). Let i = 6 - y. List the pr